2) to base 3
1111
Convert 1a (base 13) to base 9.
25
1 (base 4) to base 10
1
-83 (base 11) to base 13
-70
8 (base 9) to base 15
8
What is -55 (base 6) in base 8?
-43
Convert 21 (base 3) to base 11.
7
3 (base 6) to base 16
3
What is 1000 (base 2) in base 6?
12
What is 51 (base 9) in base 14?
34
Convert 7 (base 15) to base 10.
7
-53 (base 11) to base 8
-72
What is 1 (base 13) in base 9?
1
1 (base 6) to base 8
1
Convert 0 (base 7) to base 4.
0
Convert -9 (base 15) to base 7.
-12
Convert 7 (base 16) to base 9.
7
Convert 22 (base 14) to base 12.
26
1 (base 12) to base 13
1
-8 (base 12) to base 5
-13
Convert 123 (base 6) to base 12.
43
Convert -6 (base 14) to base 13.
-6
What is -4d (base 14) in base 6?
-153
Convert 215 (base 9) to base 13.
107
What is -11 (base 16) in base 15?
-12
What is 2 (base 11) in base 2?
10
What is -9 (base 14) in base 5?
-14
Convert -5 (base 13) to base 12.
-5
Convert 434 (base 5) to base 7.
230
What is 4 (base 7) in base 9?
4
Convert -1 (base 2) to base 9.
-1
Convert 59 (base 14) to base 9.
87
What is 30 (base 7) in base 4?
111
Convert 3 (base 13) to base 2.
11
Convert 0 (base 11) to base 10.
0
0 (base 5) to base 3
0
Convert 3 (base 16) to base 4.
3
What is -9d (base 16) in base 10?
-157
Convert 303 (base 6) to base 5.
421
2 (base 3) to base 8
2
What is 1b (base 13) in base 16?
18
1 (base 13) to base 11
1
What is 32 (base 5) in base 13?
14
What is 551 (base 6) in base 3?
21211
What is -132 (base 9) in base 11?
-a0
113 (base 4) to base 10
23
What is 111001 (base 2) in base 10?
57
Convert 2d (base 14) to base 7.
56
What is -4 (base 8) in base 15?
-4
19 (base 16) to base 9
27
Convert 10 (base 14) to base 5.
24
What is -20 (base 10) in base 6?
-32
-552 (base 6) to base 14
-112
2 (base 16) to base 5
2
Convert 1000 (base 2) to base 14.
8
Convert 4 (base 9) to base 3.
11
3 (base 11) to base 8
3
What is 10100 (base 3) in base 2?
1011010
Convert 12 (base 3) to base 10.
5
-3 (base 12) to base 8
-3
Convert -100 (base 2) to base 4.
-10
What is -11 (base 6) in base 14?
-7
61 (base 10) to base 15
41
What is -13 (base 5) in base 10?
-8
Convert 4 (base 6) to base 5.
4
144 (base 13) to base 3
22100
Convert -24 (base 11) to base 9.
-28
Convert 7 (base 12) to base 15.
7
Convert -4 (base 7) to base 11.
-4
Convert 212 (base 5) to base 7.
111
What is 3a (base 15) in base 13?
43
What is 101 (base 2) in base 10?
5
10 (base 10) to base 16
a
What is 0 (base 15) in base 16?
0
10011100 (base 2) to base 6
420
What is 0 (base 15) in base 9?
0
Convert 44 (base 9) to base 11.
37
Convert -3c (base 13) to base 2.
-110011
What is 3 (base 7) in base 14?
3
What is a (base 15) in base 14?
a
Convert -1 (base 12) to base 4.
-1
521 (base 6) to base 5
1233
5 (base 7) to base 10
5
What is -1 (base 7) in base 10?
-1
Convert 220 (base 9) to base 8.
264
What is -33 (base 7) in base 4?
-120
Convert -1 (base 6) to base 16.
-1
What is -141 (base 5) in base 11?
-42
-26 (base 12) to base 7
-42
Convert -14 (base 7) to base 4.
-23
-110100 (base 2) to base 16
-34
What is 1 (base 2) in base 3?
1
-3 (base 6) to base 7
-3
Convert 5 (base 14) to base 8.
5
What is 26 (base 11) in base 10?
28
Convert -100001 (base 2) to base 12.
-29
Convert 12 (base 7) to base 3.
100
What is a (base 13) in base 6?
14
Convert 50 (base 6) to base 5.
110
9 (base 16) to base 15
9
31 (base 13) to base 2
101000
-31 (base 7) to base 11
-20
-1 (base 7) to base 14
-1
What is -86 (base 10) in base 2?
-1010110
Convert -3 (base 8) to base 15.
-3
434 (base 6) to base 16
a6
What is -11 (base 2) in base 6?
-3
Convert -10 (base 8) to base 4.
-20
-16 (base 11) to base 2
-10001
5 (base 14) to base 10
5
What is 10 (base 2) in base 4?
2
What is 44 (base 10) in base 11?
40
What is -7 (base 16) in base 12?
-7
-2 (base 16) to base 5
-2
Convert -1 (base 4) to base 2.
-1
Convert -6b (base 15) to base 16.
-65
2 (base 12) to base 11
2
-12201 (base 3) to base 10
-154
-226 (base 10) to base 12
-16a
What is -14 (base 13) in base 7?
-23
What is 13 (base 13) in base 7?
22
Convert 47 (base 16) to base 14.
51
-6 (base 7) to base 14
-6
What is 0 (base 5) in base 4?
0
Convert -202 (base 3) to base 15.
-15
Convert -3 (base 8) to base 11.
-3
What is 145 (base 8) in base 10?
101
What is -31 (base 4) in base 10?
-13
Convert 158 (base 11) to base 7.
352
What is -7 (base 15) in base 11?
-7
-105 (base 7) to base 14
-3c
1 (base 11) to base 7
1
What is -14 (base 10) in base 11?
-13
1 (base 15) to base 9
1
-4 (base 11) to base 3
-11
What is 10 (base 11) in base 4?
23
Convert -45 (base 6) to base 11.
-27
What is -b8 (base 15) in base 4?
-2231
4 (base 5) to base 11
4
What is c (base 15) in base 10?
12
Convert 0 (base 12) to base 6.
0
What is 0 (base 15) in base 7?
0
What is 2 (base 9) in base 6?
2
12 (base 8) to base 16
a
11 (base 3) to base 6
4
Convert 110 (base 4) to base 2.
10100
What is 24 (base 16) in base 15?
26
-110 (base 3) to base 4
-30
What is 1 (base 11) in base 16?
1
1 (base 2) to base 9
1
-121 (base 3) to base 8
-20
What is 13 (base 9) in base 4?
30
Convert 24 (base 7) to base 8.
22
Convert 21 (base 4) to base 14.
9
Convert -10 (base 3) to base 16.
-3
Convert 65 (base 7) to base 14.
35
Convert 77 (base 9) to base 3.
2121
What is -1 (base 16) in base 14?
-1
-248 (base 9) to base 6
-542
Convert -14 (base 9) to base 15.
-d
What is 100 (base 2) in base 5?
4
What is 3 (base 4) in base 7?
3
Convert -3 (base 9) to base 8.
-3
What is -200 (base 3) in base 8?
-22
Convert 6 (base 15) to base 6.
10
Convert 11 (base 7) to base 3.
22
Convert 65 (base 7) to base 9.
52
-22 (base 8) to base 6
-30
5 (base 14) to base 12
5
-156 (base 7) to base 4
-1122
Convert 5 (base 9) to base 12.
5
What is 33 (base 15) in base 12?
40
Convert -36 (base 13) to base 3.
-1200
What is -3 (base 11) in base 6?
-3
What is -226 (base 8) in base 14?
-aa
-2 (base 15) to base 12
-2
Convert 30 (base 9) to base 2.
11011
What is 4 (base 16) in base 6?
4
11 (base 2) to base 16
3
Convert -7 (base 12) to base 3.
-21
What is -166 (base 7) in base 11?
-89
Convert 2 (base 7) to base 5.
2
111 (base 3) to base 9
14
44 (base 10) to base 2
101100
Convert -1 (base 2) to base 8.
-1
What is -1 (base 16) in base 2?
-1
-216 (base 7) to base 14
-7d
Convert -73 (base 13) to base 7.
-163
Convert 1 (base 16) to base 10.
1
What is 63 (base 10) in base 16?
3f
What is 21 (base 3) in base 5?
12
What is -4 (base 5) in base 15?
-4
-1 (base 3) to base 5
-1
10 (base 16) to base 11
15
2 (base 8) to base 5
2
Convert 0 (base 8) to base 10.
0
-11 (base 3) to base 12
-4
What is -5 (base 16) in base 4?
-11
-14 (base 7) to base 8
-13
Convert 42 (base 13) to base 7.
105
What is 20 (base 3) in base 2?
110
What is 9 (base 14) in base 13?
9
Convert 36 (base 7) to base 6.
43
-82 (base 10) to base 3
-10001
Convert 277 (base 11) to base 8.
506
What is -31 (base 4) in base 13?
-10
-13 (base 14) to base 7
-23
What is -1 (base 3) in base 7?
-1
-2 (base 9) to base 8
-2
10 (base 8) to base 3
22
Convert -16 (base 10) to base 8.
-20
What is -5 (base 8) in base 9?
-5
3 (base 9) to base 14
3
Convert -23 (base 14) to base 9.
-34
What is -2 (base 11) in base 8?
-2
Convert -101001100 (base 2) to base 12.
-238
What is 0 (base 4) in base 2?
0
-26 (base 7) to base 14
-16
What is 38 (base 9) in base 14?
27
Convert 4 (base 13) to base 10.
4
Convert 2a (base 15) to base 16.
28
Convert -9 (base 14) to base 15.
-9
Convert -12 (base 13) to base 6.
-23
-10010 (base 3) to base 5
-314
Convert -a (base 13) to base 12.
-a
Convert 344 (base 5) to base 7.
201
20 (base 12) to base 5
44
Convert -15a (base 12) to base 6.
-554
Convert -12 (base 8) to base 4.
-22
Convert -4 (base 10) to base 8.
-4
11 (base 10) to base 7
14
212 (base 4) to base 13
2c
5 (base 16) to base 10
5
What is 22 (base 14) in base 4?
132
What is 22 (base 8) in base 3?
200
23 (base 8) to base 9
21
What is -3 (base 11) in base 14?
-3
112 (base 5) to base 9
35
What is -3 (base 12) in base 16?
-3
Convert 11 (base 6) to base 11.
7
Convert -106 (base 7) to base 10.
-55
What is 2 (base 10) in base 7?
2
What is -31 (base 16) in base 15?
-34
What is -a (base 12) in base 14?
-a
Convert -10 (base 8) to base 3.
-22
1 (base 11) to base 6
1
What is 44 (base 7) in base 2?
100000
What is -2 (base 9) in base 16?
-2
What is 166 (base 10) in base 15?
b1
What is -119 (base 14) in base 8?
-333
W